y 20?
0
What is the remainder when 320 is divided by 168?
152
What is the remainder when 104 is divided by 50?
4
Calculate the remainder when 293 is divided by 159.
134
What is the remainder when 39 is divided by 9?
3
What is the remainder when 398 is divided by 123?
29
Calculate the remainder when 2124 is divided by 112.
108
Calculate the remainder when 15179 is divided by 115.
114
What is the remainder when 614 is divided by 20?
14
Calculate the remainder when 373 is divided by 99.
76
Calculate the remainder when 1067 is divided by 31.
13
What is the remainder when 169 is divided by 52?
13
Calculate the remainder when 839 is divided by 60.
59
Calculate the remainder when 754 is divided by 34.
6
Calculate the remainder when 1187 is divided by 36.
35
What is the remainder when 245 is divided by 31?
28
Calculate the remainder when 179 is divided by 38.
27
What is the remainder when 523 is divided by 138?
109
Calculate the remainder when 50 is divided by 15.
5
Calculate the remainder when 251 is divided by 10.
1
What is the remainder when 434 is divided by 141?
11
Calculate the remainder when 1278 is divided by 99.
90
What is the remainder when 151 is divided by 78?
73
What is the remainder when 198 is divided by 43?
26
What is the remainder when 89 is divided by 18?
17
What is the remainder when 618 is divided by 31?
29
Calculate the remainder when 168 is divided by 11.
3
What is the remainder when 359 is divided by 90?
89
Calculate the remainder when 1151 is divided by 48.
47
What is the remainder when 62 is divided by 34?
28
What is the remainder when 88 is divided by 32?
24
What is the remainder when 11331 is divided by 3772?
15
Calculate the remainder when 250 is divided by 43.
35
Calculate the remainder when 189 is divided by 64.
61
Calculate the remainder when 867 is divided by 31.
30
Calculate the remainder when 67929 is divided by 459.
456
What is the remainder when 30 is divided by 8?
6
Calculate the remainder when 134 is divided by 28.
22
Calculate the remainder when 328 is divided by 25.
3
What is the remainder when 1251 is divided by 250?
1
What is the remainder when 4041 is divided by 17?
12
Calculate the remainder when 14078 is divided by 128.
126
What is the remainder when 177 is divided by 147?
30
Calculate the remainder when 11472 is divided by 135.
132
Calculate the remainder when 2855 is divided by 204.
203
Calculate the remainder when 354 is divided by 21.
18
Calculate the remainder when 399 is divided by 119.
42
What is the remainder when 28 is divided by 10?
8
What is the remainder when 259 is divided by 83?
10
What is the remainder when 664 is divided by 57?
37
What is the remainder when 1531 is divided by 311?
287
Calculate the remainder when 71 is divided by 9.
8
What is the remainder when 287 is divided by 46?
11
Calculate the remainder when 626 is divided by 66.
32
What is the remainder when 325 is divided by 42?
31
What is the remainder when 585 is divided by 12?
9
What is the remainder when 198 is divided by 91?
16
What is the remainder when 114 is divided by 15?
9
Calculate the remainder when 34 is divided by 19.
15
What is the remainder when 72 is divided by 13?
7
Calculate the remainder when 15 is divided by 4.
3
Calculate the remainder when 179 is divided by 66.
47
What is the remainder when 390 is divided by 109?
63
What is the remainder when 95 is divided by 88?
7
What is the remainder when 7 is divided by 3?
1
What is the remainder when 1228 is divided by 10?
8
What is the remainder when 89 is divided by 47?
42
Calculate the remainder when 219 is divided by 73.
0
Calculate the remainder when 467 is divided by 52.
51
Calculate the remainder when 459 is divided by 13.
4
What is the remainder when 1035 is divided by 80?
75
What is the remainder when 332 is divided by 35?
17
Calculate the remainder when 227 is divided by 77.
73
Calculate the remainder when 244 is divided by 82.
80
What is the remainder when 2446 is divided by 51?
49
What is the remainder when 56 is divided by 17?
5
What is the remainder when 13309 is divided by 55?
54
What is the remainder when 6155 is divided by 440?
435
What is the remainder when 885 is divided by 74?
71
What is the remainder when 304 is divided by 61?
60
What is the remainder when 515 is divided by 131?
122
What is the remainder when 52 is divided by 18?
16
Calculate the remainder when 152 is divided by 142.
10
Calculate the remainder when 81 is divided by 34.
13
Calculate the remainder when 878 is divided by 147.
143
What is the remainder when 65433 is divided by 133?
130
What is the remainder when 2384 is divided by 240?
224
What is the remainder when 61 is divided by 41?
20
What is the remainder when 96 is divided by 85?
11
Calculate the remainder when 39 is divided by 11.
6
What is the remainder when 672 is divided by 140?
112
What is the remainder when 4211 is divided by 4201?
10
What is the remainder when 6021 is divided by 19?
17
What is the remainder when 4811 is divided by 146?
139
What is the remainder when 525 is divided by 184?
157
What is the remainder when 989 is divided by 30?
29
What is the remainder when 28 is divided by 24?
4
What is the remainder when 671 is divided by 208?
47
Calculate the remainder when 2585 is divided by 13.
11
Calculate the remainder when 646 is divided by 25.
21
Calculate the remainder when 93 is divided by 42.
9
Calculate the remainder when 119 is divided by 39.
2
What is the remainder when 10224 is divided by 36?
0
Calculate the remainder when 281 is divided by 57.
53
What is the remainder when 4705 is divided by 43?
18
What is the remainder when 486 is divided by 98?
94
Calculate the remainder when 134 is divided by 17.
15
Calculate the remainder when 34 is divided by 7.
6
What is the remainder when 176 is divided by 17?
6
Calculate the remainder when 135 is divided by 3.
0
Calculate the remainder when 83 is divided by 28.
27
Calculate the remainder when 646 is divided by 50.
46
What is the remainder when 3695 is divided by 22?
21
What is the remainder when 1331 is divided by 89?
85
What is the remainder when 299 is divided by 175?
124
Calculate the remainder when 2045 is divided by 186.
185
Calculate the remainder when 506 is divided by 102.
98
What is the remainder when 90 is divided by 41?
8
Calculate the remainder when 808 is divided by 29.
25
Calculate the remainder when 355 is divided by 102.
49
Calculate the remainder when 406 is divided by 68.
66
What is the remainder when 373 is divided by 95?
88
What is the remainder when 93 is divided by 12?
9
Calculate the remainder when 378 is divided by 35.
28
What is the remainder when 212 is divided by 78?
56
Calculate the remainder when 1214 is divided by 95.
74
What is the remainder when 721 is divided by 4?
1
What is the remainder when 301 is divided by 2?
1
What is the remainder when 24928 is divided by 46?
42
What is the remainder when 6433 is divided by 157?
153
Calculate the remainder when 199 is divided by 67.
65
Calculate the remainder when 1497 is divided by 45.
12
Calculate the remainder when 1839 is divided by 13.
6
What is the remainder when 3714 is divided by 8?
2
Calculate the remainder when 244 is divided by 33.
13
What is the remainder when 780 is divided by 153?
15
Calculate the remainder when 255 is divided by 20.
15
What is the remainder when 301 is divided by 61?
57
Calculate the remainder when 111 is divided by 30.
21
What is the remainder when 10877 is divided by 11?
9
Calculate the remainder when 722 is divided by 118.
14
Calculate the remainder when 253 is divided by 86.
81
Calculate the remainder when 223 is divided by 25.
23
What is the remainder when 298 is divided by 146?
6
Calculate the remainder when 133 is divided by 22.
1
What is the remainder when 1074 is divided by 40?
34
Calculate the remainder when 1638 is divided by 414.
396
What is the remainder when 3095 is divided by 1024?
23
What is the remainder when 358 is divided by 4?
2
What is the remainder when 50 is divided by 40?
10
What is the remainder when 307 is divided by 87?
46
What is the remainder when 310 is divided by 77?
2
What is the remainder when 356 is divided by 51?
50
What is the remainder when 6507 is divided by 217?
214
Calculate the remainder when 233 is divided by 38.
5
What i